s digit of u?
2
Let m(f) = 283*f**3 - f**2 + 1. Suppose -4*a = -8, -t + 4*t - 2*a + 1 = 0. What is the units digit of m(t)?
3
Let x(a) be the first derivative of -a**3/3 + a**2/2 + 23*a - 10. Let d(c) = -c**3 + 3*c**2 + 3*c + 4. Let i be d(4). What is the tens digit of x(i)?
2
Let o = 2 - 2. Suppose o = -5*i - 24 + 124. Let q = 43 - i. What is the tens digit of q?
2
Let a = 3264 - 2012. What is the units digit of a?
2
Let i(n) = n**3 + 6*n**2 - 3*n - 34. What is the tens digit of i(9)?
5
Let p(b) = -3*b**2 - 11 - 3*b - 8 - 23 + 4*b**2. What is the hundreds digit of p(14)?
1
Suppose -2*o - 9*o + 12496 = 0. What is the units digit of o?
6
Let t = 537 - 27. What is the tens digit of t?
1
Let t(w) be the first derivative of 5*w**2 - 1/4*w**4 - 1 + 2*w**3 - 10*w. What is the units digit of t(7)?
1
Let d be (0 + -8)*451/(-44). What is the units digit of d/((-2)/(-1)) + -2?
9
Let j = 38 + -39. What is the units digit of j/((-103)/202 - (-3)/6)?
1
Suppose 0 = -7*t - 0 + 14. Suppose t*y + 2*y = 2*l - 50, -3*y + 30 = 3*l. What is the tens digit of l?
1
Suppose -4*z = -184 - 1448. What is the hundreds digit of z?
4
Suppose -71*q + 66*q + 2880 = 0. Let f = q + -340. What is the units digit of f?
6
Let r = -331 - -1061. What is the units digit of r?
0
Suppose 7*u = 8*u. Suppose u = -2*g + 16 - 10. Let l(r) = 6*r**2 - 7*r + 2. What is the units digit of l(g)?
5
Let s = -208 - -1402. Let n be s/27 + (-2)/9. Suppose 5*b = 3*o - n, -5*o + b + 67 = -b. What is the tens digit of o?
1
Let y be ((-12)/14)/((-7)/(-1862)). Let q = -134 - y. What is the units digit of q?
4
Let c(d) = -d**2 - 5*d - 1. Let q be c(-3). Suppose q*l = 1 + 14. Suppose 10 = l*x - 92. What is the units digit of x?
4
Suppose -3 = -2*l + 13. Suppose 138 - 658 = -l*y. What is the units digit of y?
5
Suppose -2*k + 5 = 3*r + 30, -5*k = -r + 88. Let a = 13 + k. Let s(v) = -v**2 - 5*v - 3. What is the units digit of s(a)?
1
Suppose -3*z + 4*o = 14 + 3, 0 = 3*z + 3*o - 18. Suppose 4*s + 5 = 3*q - z, 12 = 4*q - 4*s. What is the tens digit of 63/q + 2/4?
1
Suppose -4*d - b = -5*b - 2660, 2*b = 0. What is the tens digit of d?
6
Let l(o) = 737*o + 87. What is the hundreds digit of l(7)?
2
Suppose -8 - 10 = -3*r. Suppose 0 = -2*o + 4*t, -o = -r*t + t. Suppose -2*u = -o - 2. What is the units digit of u?
1
Let r = -25 - -134. Suppose -3*a - 18 = 4*q - 167, 0 = 3*a - 4*q - r. Let i = -30 + a. What is the units digit of i?
3
Let a(w) = 21*w + 67. Let x be a(-9). What is the tens digit of (x/(-8))/((10/16)/5)?
2
Let w be (-6 - (5 - 4))*(0 - 1). Let n(z) = -12*z + 1. Let b be n(-1). Let j = b - w. What is the units digit of j?
6
Let c be 4 + -2 + -3 + -3. Let i be -10*(-1 - 2/c). Suppose -200 = u - i*u. What is the units digit of u?
0
Suppose 1345 = 3*p - 5*m - 1017, 3*p - 2*m = 2365. What is the hundreds digit of p?
7
Suppose 0 = 4*b - 3*q - 1344, 3*b = 3*q + 947 + 61. What is the tens digit of b?
3
Suppose 5*r + 96 = r. Let m = -15 - r. Suppose 0 = -t + m + 14. What is the units digit of t?
3
Let q(s) = -s**3 - 8*s**2 - s + 8. Let t be q(-10). Suppose -4*i - 5*u + 22 = -203, -4*i + t = -2*u. What is the tens digit of i?
5
Let b(m) = 2*m**3 + 2*m - 128. Let q be b(0). What is the units digit of (7/(-4))/(4/q)?
6
Let t = 88 + -77. Suppose t*a = 473 + 11. What is the units digit of a?
4
Let x(z) = 123*z**2 - 37*z - 10. What is the hundreds digit of x(-4)?
1
Let x be 19/(-1 + 0 - -2). Let n be 6 - 7 - x/1. Let z = -2 - n. What is the tens digit of z?
1
Suppose -3*a - 13 = -2*t + 2, -3*t - 5*a + 13 = 0. Suppose d = -2*u + 2*d + 5, 0 = -5*u + 5*d + 25. Suppose u = -t*j + j + 65. What is the tens digit of j?
1
Let o = -36 + 459. What is the tens digit of o?
2
Let s = -22 - 50. Let a = s + 124. Suppose 2*y - a = -14. What is the tens digit of y?
1
Let c be (-52)/44 + (-2)/(-11). Let l be (-2 + 5)*(-3 - c). Let j(x) = -3*x - 11. What is the units digit of j(l)?
7
What is the tens digit of 465/9 - (-36)/108?
5
Suppose 11*i = -47 + 3578. Suppose -2*r - 314 = 3*o - 7*o, 4*o = -5*r + i. What is the tens digit of o?
7
What is the tens digit of 4/10 + (-7924)/(-140)?
5
Suppose -2*b + 3*m + 1082 = 0, -4*b - m + 5*m + 2172 = 0. What is the units digit of b?
7
Let f(y) = 437*y**2 + 36*y + 4. What is the thousands digit of f(3)?
4
Let f(u) = u**3 - 16*u**2 - 22*u + 21. Let p be f(17). What is the units digit of p/10*(-15)/2 - -1?
9
Suppose -55 = 2*s + 3*c, 3*s - s = 5*c - 15. What is the units digit of (-5)/s + (-382)/(-8)?
8
Let d(c) = 38*c**2 + 13*c - 42. What is the tens digit of d(3)?
3
Let y = -5944 - -11054. What is the thousands digit of y?
5
Let w(a) = a**3 - 16*a**2 + 27*a - 59. What is the units digit of w(15)?
1
Suppose 4*x - 4*l + 3*l = 28, -3*l = 2*x. Suppose -x*a + 20 = -a. Suppose 27 = -a*b + 95. What is the units digit of b?
7
Suppose 0 = 4*p - j - 1827, -j + 1815 = 4*p + 2*j. What is the hundreds digit of p?
4
Suppose -5*z = -j - 1407, 538 = 5*z - 4*j - 860. What is the hundreds digit of z?
2
Let x(b) = b**3 - 2*b**2 - 3. Suppose p = 4 - 1. Suppose -g - 5*c = p*g - 22, -g = -2*c + 1. What is the units digit of x(g)?
6
Suppose -5*p + 5*v + 3760 = 0, v = -0*v - 1. What is the hundreds digit of p?
7
Let y be 162 - 7/(28/12). Suppose -747 = -6*r + y. What is the units digit of r?
1
Let l(b) = 3*b**3 + 2*b**2 - 33*b - 13. What is the tens digit of l(12)?
6
Suppose l + 2*l = 6. Let z be 3/(-3*l/(-8)). Let k = 15 - z. What is the tens digit of k?
1
Suppose -134 = 5*h + 3*d - 6*d, d = -5*h - 142. Let u = 52 - h. What is the units digit of u?
0
Suppose -2*q + 0*q + 3*z + 297 = 0, -z = -4*q + 589. Suppose -5*c - 42 + q = 0. What is the units digit of c?
1
Let r(f) = -f**2 + 35*f + 13. Let n be r(25). What is the units digit of n*(-4 - (-3 + -2))?
3
Let q(j) = j + 20. Let r be q(-15). Suppose 3*i - 4*l = 7*i - 300, -235 = -3*i - r*l. What is the tens digit of i?
7
Let i be (-4*(-27)/18)/(2/(-56)). Let x = 18 - 26. What is the tens digit of 30/x*i/63?
1
Suppose 0 = -7*s + 796 + 1710. Suppose -5*f + h = -7*f + 242, 3*f - s = h. What is the units digit of f?
0
Suppose 381 = 3*u - 1575. Suppose u = 5*g - 708. What is the hundreds digit of g?
2
Suppose -2 - 6 = -2*d. Suppose -d = -2*s - 12, 4*t + 2*s = 0. Suppose -t*f = 3*v - 11, 2*f - v - 37 = -14. What is the tens digit of f?
1
Suppose 48*q - 47*q - 1440 = 0. What is the hundreds digit of q?
4
Let c(y) be the first derivative of -2*y + 4/3*y**3 - 3/2*y**2 + 1. What is the units digit of c(-2)?
0
Let i(u) = u**3 - 3*u**2 - u + 15. What is the units digit of i(3)?
2
Let a(w) = w**3 - 24*w**2 + 85*w - 4. What is the hundreds digit of a(24)?
0
Let v(i) = -i**3 + 31*i**2 + 21*i - 44. What is the tens digit of v(28)?
9
Let x(f) = -3*f**2 + 27*f - 21. Let m(d) = d - 1. Let b(w) = 15*m(w) - x(w). What is the hundreds digit of b(8)?
1
Suppose -2*n = -2*j + 536, -50*n + 53*n + 258 = j. What is the units digit of j?
3
What is the units digit of ((84/9)/4)/((-1)/(-33))?
7
Let u = -26 - -27. Suppose 4*b = r - 0*b - 21, -4*r = b + u. What is the units digit of r?
1
Let n(f) = -f**3 - 8*f**2 - 3*f - 46. What is the hundreds digit of n(-14)?
1
Let z(b) = 5*b**2 + 6*b + 1356. What is the units digit of z(0)?
6
Suppose -16*a + 20*a = 280. What is the units digit of (6/(-10))/((-21)/a)?
2
Let x = 27 + -19. Suppose -x*d + 60 = -68. What is the tens digit of d?
1
Let z(m) = 163*m**2 - 36. What is the thousands digit of z(-3)?
1
Let g(i) = i**3 + 28*i**2 + 22*i - 22. What is the tens digit of g(-24)?
5
Suppose -6*p = -0*p - 174. Suppose p = g + 1. What is the tens digit of g?
2
Suppose 14*d = 9*d + 845. What is the hundreds digit of d?
1
What is the units digit of 12/(-14)*(-26068)/28?
8
Suppose -7*c + 13*c + 1680 = 0. What is the tens digit of 1/(c/282 - (-9 + 8))?
4
Let s(j) = -2*j**2 - 33*j + 11. Let i be (4/5)/(111/(-105) - -1). What is the tens digit of s(i)?
8
What is the tens digit of (74/8)/((-14)/(-1792))?
8
Let u be ((-30)/(-25))/((-9)/(-30)). Suppose -3*c + 4 = -2*c. Suppose 5*t - 110 = -l + 6*l, 0 = u*t + c*l - 104. What is the tens digit of t?
2
Let u = 11 - -6. Let h = 11 - u. Let o = 19 - h. What is the tens digit of o?
2
Let y(t) = -t**2 + 42*t + 25. Let w be y(33). Let q = w + -164. What is the units digit of q?
8
Let k(o) = o**3 + 9*o**2 + 3. Let t be k(-9). Suppose -t*g